a multiple of 182?
True
Is 22261239 a multiple of 11?
True
Is 59 a factor of 911333175?
True
Is 58041200 a multiple of 760?
True
Does 13 divide 56412876?
True
Is 10 a factor of 26068551?
False
Does 39 divide 59913360?
True
Is 32 a factor of 18242601?
False
Is 51 a factor of 237148803?
False
Is 96 a factor of 86047584?
True
Is 814808043 a multiple of 1409?
False
Is 31847351 a multiple of 25?
False
Is 109086033 a multiple of 71?
True
Is 63 a factor of 313943796?
False
Is 370615236 a multiple of 115?
False
Is 47 a factor of 51011866?
False
Is 29113938 a multiple of 441?
True
Is 43852622 a multiple of 216?
False
Does 16 divide 2726114083?
False
Is 3 a factor of 759839943?
True
Does 308 divide 10997756?
True
Is 1234760514 a multiple of 26?
True
Is 1052970688 a multiple of 64?
True
Is 136134052 a multiple of 968?
False
Is 453 a factor of 69127800?
True
Is 3279012 a multiple of 3?
True
Does 12 divide 31419828?
True
Is 53 a factor of 45227628?
False
Is 1150040610 a multiple of 312?
False
Is 85617000 a multiple of 567?
True
Does 12 divide 45196930?
False
Is 2877 a factor of 3049642425?
False
Does 3 divide 15218970?
True
Is 54451473 a multiple of 29?
True
Is 601438487 a multiple of 411?
False
Is 6270590 a multiple of 10?
True
Is 26499506 a multiple of 22?
True
Does 12 divide 76746236?
False
Is 93992238 a multiple of 9?
True
Does 336 divide 159108753?
False
Does 137 divide 1558599?
False
Does 1571 divide 6313686?
False
Does 110 divide 33583988?
False
Is 97115561 a multiple of 8?
False
Is 61 a factor of 24583039?
False
Does 1517 divide 137176242?
True
Is 139 a factor of 443728467?
False
Is 581145433 a multiple of 39?
False
Is 829 a factor of 80509993?
True
Is 423268063 a multiple of 696?
False
Does 583 divide 13027135?
True
Does 449 divide 344756568?
True
Is 28 a factor of 245315084?
True
Does 25 divide 2600350?
True
Is 206159376 a multiple of 116?
True
Does 195 divide 539166588?
False
Is 7709370695 a multiple of 13?
True
Does 10387 divide 2252249774?
False
Is 426307 a multiple of 11?
False
Is 1006726146 a multiple of 529?
True
Does 37 divide 1449327?
True
Is 91409203 a multiple of 7?
False
Is 2266 a factor of 374922691?
False
Is 2039 a factor of 78495383?
True
Is 131615616 a multiple of 352?
True
Is 9 a factor of 3502035?
True
Is 760967493 a multiple of 111?
True
Is 123501048 a multiple of 66?
True
Is 240619056 a multiple of 3013?
False
Does 95 divide 224265431?
False
Is 185 a factor of 1514872752?
False
Is 7697200 a multiple of 5?
True
Is 150 a factor of 153821400?
True
Is 421 a factor of 266847903?
True
Is 38 a factor of 66018410?
False
Does 1060 divide 68923359?
False
Does 1145 divide 158848487?
False
Is 268 a factor of 538424060?
True
Is 28183697 a multiple of 268?
False
Does 59 divide 56837532?
True
Is 347 a factor of 38764064?
True
Is 148 a factor of 72685020?
True
Does 31 divide 9767338?
False
Does 1465 divide 65239380?
True
Is 1495 a factor of 216550750?
True
Is 350 a factor of 162057?
False
Is 161466920 a multiple of 81?
False
Is 235216968 a multiple of 31?
False
Is 3202 a factor of 246489315?
False
Is 447196955 a multiple of 1097?
False
Does 3127 divide 273482318?
False
Is 89 a factor of 38176016?
True
Is 425 a factor of 131969300?
True
Is 472 a factor of 1529752?
True
Is 149 a factor of 136682211?
False
Does 31 divide 181787999?
True
Is 2214 a factor of 323779788?
True
Does 410 divide 1260288648?
False
Does 10 divide 58826470?
True
Is 128104064 a multiple of 22?
True
Is 4186 a factor of 707286134?
False
Is 5389229 a multiple of 15?
False
Does 598 divide 84365918?
False
Is 8 a factor of 178812807?
False
Does 948 divide 360512932?
False
Does 8 divide 393795010?
False
Does 29 divide 314469852?
True
Does 2373 divide 105511617?
False
Does 12 divide 104233380?
True
Is 321942538 a multiple of 5?
False
Is 17257516 a multiple of 22?
False
Is 28 a factor of 10055348?
False
Does 433 divide 696510377?
True
Is 22 a factor of 116957478?
True
Does 45 divide 41576951?
False
Does 60 divide 9159240?
True
Is 21562548 a multiple of 12?
True
Is 492 a factor of 881792412?
True
Is 1644545448 a multiple of 588?
True
Is 1363 a factor of 8963088?
True
Is 25 a factor of 821692125?
True
Is 16780049 a multiple of 11?
True
Does 37 divide 59970526?
False
Is 700 a factor of 7852600?
True
Is 382590510 a multiple of 23?
True
Is 439 a factor of 909881936?
True
Does 78 divide 14160558?
False
Does 3 divide 17589806?
False
Does 74 divide 73066803?
False
Does 23 divide 228811516?
False
Is 2626 a factor of 1699396632?
False
Does 1359 divide 238547988?
True
Is 2515763670 a multiple of 1498?
True
Does 30 divide 85231470?
True
Does 2453 divide 28562963?
False
Is 50393214 a multiple of 690?
False
Is 2264223036 a multiple of 18?
False
Is 783 a factor of 14449850?
False
Does 718 divide 26528419?
False
Is 249 a factor of 23948073?
True
Is 137848552 a multiple of 5328?
False
Is 293385564 a multiple of 972?
True
Does 1412 divide 23485534?
False
Is 10 a factor of 30664710?
True
Is 10 a factor of 45128586?
False
Does 3 divide 73958?
False
Does 902 divide 11448518?
False
Is 1547 a factor of 369994223?
False
Is 153 a factor of 52679277?
True
Does 5 divide 22305691?
False
Does 144 divide 731948688?
True
Is 12119958 a multiple of 40?
False
Is 115602526 a multiple of 58?
True
Is 3624 a factor of 58987557?
False
Is 930070908 a multiple of 4068?
True
Is 1790 a factor of 394990973?
False
Is 1665928427 a multiple of 335?
False
Is 113 a factor of 168476460?
False
Does 143 divide 3882451137?
False
Does 10 divide 136417860?
True
Is 304996632 a multiple of 4892?
True
Is 7 a factor of 248197016?
False
Is 165390771 a multiple of 2847?
True
Is 12976273 a multiple of 166?
False
Is 583 a factor of 2658395465?
True
Is 14323487 even?
False
Is 6502 a factor of 1011013248?
False
Is 2138 a factor of 8002534?
True
Is 205 a factor of 685892075?
True
Is 284 a factor of 70164424?
False
Is 16 a factor of 205790133?
False
Is 337463380 a multiple of 686?
False
Is 232766 even?
True
Does 213 divide 1680144?
True
Is 16 a factor of 563414626?
False
Is 5 a factor of 22108655?
True
Is 1682 a factor of 3702677428?
True
Is 103868496 a multiple of 103?
True
Does 470 divide 66501240?
True
Is 2 a factor of 612498987?
False
Is 224018823 a multiple of 59?
False
Is 43499613 a multiple of 2?
False
Is 19 a factor of 115564095?
False
Is 112745997 a multiple of 6363?
True
Is 1312949068 a multiple of 6?
False
Is 107 a factor of 7702681867?
True
Is 229738880 a multiple of 1216?
True
Is 37 a factor of 851442412?
False
Is 3760 a factor of 94913680?
True
Is 857292135 a multiple of 31?
True
Is 1012115534 a multiple of 289?
False
Does 906 divide 759449970?
True
Is 23420244 a multiple of 661?
False
Is 15 a factor of 1602258400?
False
Is 143 a factor of 66016665?
True
Is 115 a factor of 2933226?
False
Does 10 divide 55551620?
True
Is 97569204 a multiple of 6?
True
Does 151 divide 14858098?
True
Is 18 a factor of 1727751263?
False
Does 1100 divide 109025173?
False
Is 1436 a factor of 466698461?
False
Is 423226812 a multiple of 972?
False
Is 43 a factor of 109509003?
True
Is 10 a factor of 837532801?
False
Is 28224150 a multiple of 2?
True
Does 45 divide 77653665?
True
Does 467 divide 2892538250?
False
Is 13841120 a multiple of 2?
True
Is 98 a factor of 9088128?
True
Is 399 a factor of 3430839?
False
Does 21 divide 13707162?
True
Is 3183 a factor of 10822200?
True
Does 22 divide 56361333?
False
Is 86 a factor of 26209274?
True
Does 389 divide 4052213?
True
Is 11383877 a multiple of 3?
False
Is 41 a factor of 1001992924?
False
Is 9 a factor of 214001?
False
Is 11 a factor of 351232726?
False
Does 41 divide 1011550688?
True
Is 87924746 a multiple of 26?
True
Is 13 a factor of 1709506409?
True
Is 439522117 a multiple of 15?
False
Is 21 a factor of 23158577?
False
Is 184 a factor of 3238768?
True
Does 2544 divide 754056864?
True
Is 860635995 a multiple of 159?
True
Does 9 divide 773809569?
True
Is 14372856 a multiple of 19?
False
Does 72 divide 50683752?
True
Is 10478880 a multiple of 608?
True
Is 61627500 a multiple of 67?
False
Is 30236802 a multiple of 104?
False
Is 1315930734 a multiple of 2778?
False
Is 3863532370 a multiple of 792?
False
Is 82 a factor of 924676?
False
Is 108584307 a multiple of 13?
True
Does 54 divide 664107444?
True
Does 10 d